 o be c(35). Give l(o).
-13
Let n(p) = p**2 - 5*p + 23. Let c(d) = d**3 - 4*d**2 + 34*d - 178. Let q(u) = -c(u) - 8*n(u). Let z be 3*(-4)/(-6) + 0. Suppose b - 5 = z*b. What is q(b)?
-11
Let o(r) = -r. Let b(i) = -128*i - 1374. Let l(v) = -b(v) + 3*o(v). Calculate l(-11).
-1
Let t(y) = -41*y**2 + 3*y + 2. Let l be -7 + 0 + (-198)/(-11) + -12. Calculate t(l).
-42
Let f = 115 - 118. Let y(t) be the first derivative of t**4/4 + 4*t**3/3 - t**2/2 - 4*t + 95. Determine y(f).
8
Let o(v) be the second derivative of -23*v**3/6 - v**2/2 - 172*v. Calculate o(-3).
68
Let q(i) = 2*i**3 + 7*i**2 - 13*i + 25. Let k(c) = -7*c**3 - 28*c**2 + 51*c - 97. Let a(t) = 3*k(t) + 11*q(t). What is a(5)?
-16
Let a(y) = -y + 1. Let z be a(-3). Let u(x) = 96*x**2 + 0 + 1 + 14*x**2 + 5*x - 139*x**2 + 14*x**2 + 14*x**2. Give u(z).
5
Let a be 4/(-4 - -8)*(4 - -1). Let h(m) = 13*m**2 - 13*m + 19. Let c(o) = -24*o**2 + 25*o - 35. Let n(z) = 6*c(z) + 11*h(z). Determine n(a).
9
Let o(r) be the first derivative of 3*r**3 - r**2/2 - r + 2272. Give o(-2).
37
Let y(x) = -x**2 - 28*x + 55. Suppose 2*r - q = -17 + 13, 0 = -5*r + 4*q - 22. Determine y(r).
-5
Let a(o) = -12*o - 364. Suppose 469 = 2*m + 531. Let d be a(m). Let p(x) = x**3 - 7*x**2 - 10*x + 10. Give p(d).
-6
Let n(p) = 6*p + 37. Suppose -5*f = -d + 23 + 12, -3*f + 4*d - 21 = 0. Let o be n(f). Let a(g) = g - 2. What is a(o)?
-7
Let m(k) be the first derivative of 56*k**2 - 119*k - 5788. Calculate m(1).
-7
Let x(u) = 9*u + 298. Suppose 439 - 792 = 48*y + 1183. Calculate x(y).
10
Let m = -327 - -363. Suppose -54*p = -63*p + m. Let c(s) = -s - 4. Give c(p).
-8
Let y be 30/(-180) + (14/(-12))/(-1). Let d(t) = t - 2. Let m(a) = -2*a - 2. Let n(z) = y*m(z) + 4*d(z). Give n(3).
-4
Suppose 0 = -5*z - 8 + 23. Let o(s) = 2*s**3 - 3*s**2 - 8. Let q be o(z). Let w(d) = -15 + 2*d - 3*d + q. Calculate w(0).
4
Let g be (5/(-1))/(1/(-1)). Let d = -9 - -8. Let y be (g + (-1 - 5))*(-4)/d. Let n(j) = j**3 + 4*j**2 - 2*j - 2. What is n(y)?
6
Let m(w) = -1182*w + 3546. Let y be m(3). Let h(p) = -4*p - 12. Calculate h(y).
-12
Let t(j) = 117*j + 124*j - 238*j - 60. Calculate t(30).
30
Suppose -115 = 73*y + 31. Let r(t) = -2*t**2 + 20*t + 36. Determine r(y).
-12
Suppose 151*z + 54 = 205*z. Let i(n) = -4*n + 5. Let u(j) = j + 3 - 4*j + 0*j. Let c(p) = 5*i(p) - 8*u(p). Determine c(z).
5
Let p(g) = -2*g**3 + 4*g**2 + 3*g + 7. Let v be p(5). Let j = -121 - v. Let d(h) = -35 + h**3 + 5*h**2 + 90 - 49 - j*h. Determine d(-6).
12
Suppose -4*y + 151 = 3*q, -155 = -3*q - 11*y + 6*y. Let k = q - 41. Suppose 0*d - 8 = k*d. Let s(a) = -5*a + 1. Calculate s(d).
11
Let f = 45 + -42. Suppose -5*r = -53 + f. Suppose -z + 2 = 0, z = -2*a - z + r. Let w(x) = -x**2 + 3*x - 1. Calculate w(a).
-1
Let v be 4/18 - 20/(-72)*10. Suppose 0 = v*r - r - 4. Let m(f) = -6*f**r - f**3 + 3*f - 2*f + 1 + 0*f + 6*f. Determine m(-7).
1
Let z(y) = y**2 + 4*y - 3. Let w(g) = g. Let v be w(9). Let u be ((-44)/(-11))/(2/28). Suppose v*n - 17*n - u = 0. What is z(n)?
18
Suppose -5 = -3*b + 4. Let h(y) = 1 + b*y + y - y. Let t be (17 - -108)/25 - 7. What is h(t)?
-5
Let o(j) = -4*j**3 + 1. Let h = 110 - 108. Let m = -34 + 18. Let v be h/(-7)*56/m. Calculate o(v).
-3
Let d(n) be the third derivative of -n**4/24 + 4*n**3 + 986*n**2 + n. Determine d(12).
12
Let v = 7 - 25. Let d = v + 24. Suppose 2*s - 2*z = 2, -d*s + 11 = -3*s + 5*z. Let w(j) = j**3 - j**2 - 2*j + 1. Determine w(s).
1
Let y(q) = -q**2 + 2. Let n be 8/2*((17 - 9) + -14). Let w be (-8)/2 - 0*(-4)/n. Determine y(w).
-14
Let u(f) be the third derivative of -7/6*f**3 - f**2 - 1/8*f**4 + 0*f - 31. Determine u(-5).
8
Let c(x) = x**2 + 7*x + 10. Let f be (14/8)/(2/(-8)). Let r be c(f). Let n(q) be the third derivative of q**4/24 - q**3/3 + 7*q**2 - 240*q. What is n(r)?
8
Let n(a) be the third derivative of 1/30*a**5 + 0*a + 2/3*a**4 - 7/6*a**3 + 0 + 149*a**2. Calculate n(-8).
-7
Suppose c + 1 = 0, 2 + 2 = -j - 2*c. Let h be -4 + -22*j*2/4. Suppose 7*x + h = -31. Let o(g) = g**2 + 4*g - 7. Determine o(x).
14
Let i(h) = -3*h**3 - 7*h**2 + 7*h + 10. Let u(q) = 2*q**3 + 7*q**2 - 5*q - 10. Let d(z) = -3*i(z) - 4*u(z). Calculate d(7).
3
Let b(y) = -5*y - 1. Let j(u) = 9*u + 37. Let i be j(-4). Let g be (2 - 3)/(i - 0). Give b(g).
4
Let g(s) = 3*s**2 - 16. Let b(x) = 4*x**2 - x - 28. Let u(m) = 5*b(m) - 9*g(m). Determine u(-3).
-44
Let t(j) be the second derivative of j**5/20 - 5*j**4/12 - 4*j**3/3 - 2*j**2 - 22*j. Let u = -462 - -468. Give t(u).
-16
Let p(i) = 3*i**2 - 41*i + 234. Let k(s) = 8*s**2 - 89*s + 466. Let j(d) = -2*k(d) + 5*p(d). What is j(7)?
0
Let s(c) = 2*c**2 - 25*c + 15. Let o be 1/(10/(-44)*18/(-45)). What is s(o)?
-18
Let o = 20580 - 20585. Let r(u) = -6*u - 19. Determine r(o).
11
Suppose b + 4*k = 3*b - 14, -4*b + 25 = -5*k. Let z(y) = -y - 364 + 104 + 255. What is z(b)?
-10
Let p(u) = -8*u**2 - u + 2. Let o = 54 + -53. Let f be ((-39)/(-6) + -6)*2/o. Calculate p(f).
-7
Let b = -2103 - -2100. Let y be (2 - 1) + -3 - -4. Let d(r) = -5*r + 3 + 4*r - 2*r**y + 0 - 1. Calculate d(b).
-13
Let q(m) = 2*m**2 + 26*m + 8. Let k(v) = -2*v**2 + 117*v - 184. Let r be k(57). Determine q(r).
8
Let y be (-3 + 1)/(4*5/(-20)). Let s be (-6)/9 + (120/18 - y). Let c(z) be the second derivative of -z**5/20 + z**4/3 - z**3/3 + 2*z**2 - 6*z. What is c(s)?
-4
Let l be ((-801)/(-2403))/(-2*1/(-36)). Let r(c) = -c**2 - 6*c + 17. Give r(l).
-55
Suppose -36*w = -124*w + 616. Let t(b) = 2*b**3 - 14*b**2 + 3*b - 10. Give t(w).
11
Let a(h) be the second derivative of 0 + 51*h - 1/2*h**2 + 5/6*h**3 - 1/6*h**4. Let m be 6 + -4 + 2/1. Determine a(m).
-13
Let i(b) = 13*b**3 + 0*b**2 - 14*b**3 - 6*b**2 + b + 2*b**2 - 1. Let u = -683 + 678. Give i(u).
19
Let z(k) = k + 0 - 12*k - 4 + 15. Calculate z(9).
-88
Let q(s) = 8*s + 13. Let m(r) = 23*r + 39. Let c(j) = 3*m(j) - 8*q(j). Give c(-3).
-2
Let d(n) = 10*n + 9. Let m(h) = 5*h + 4. Let s(i) = 6*d(i) - 14*m(i). Let x = -13564 - -13562. Determine s(x).
18
Let i(x) = 47*x**2 + 142 + 48*x**2 + 63*x**2 + 45*x - 159*x**2. Calculate i(48).
-2
Let z(b) = -b**2 + 19*b - 37. Let l(c) = -c**3 + 64*c**2 - 183*c + 3. Let r be l(3). What is z(r)?
11
Let z be (-12)/(-20) - (-7)/5. Suppose 8 = -z*v + 2*k - 10, 0 = 3*v + 5*k - 13. Let g(x) be the first derivative of -x**3/3 - x**2 + x + 1. Determine g(v).
-7
Let z = 21406 + -21406. Let o(k) = -5*k**2 - 6*k + 7. Determine o(z).
7
Let q(l) be the first derivative of -l**4/8 - 2*l**3/3 + l**2 + l + 60. Let a(d) be the second derivative of q(d). Calculate a(9).
-31
Suppose 3*v = -4*f + 42, 7*f + 32 = 3*v + 56. Let j(a) = -a**2 + 10*a - 28. What is j(v)?
-4
Let x(u) = 3*u**2 - 7*u. Let z = -52 - -59. Let n(w) = 32 + z*w**2 - 13*w - 32. Let a(q) = 2*n(q) - 5*x(q). Give a(4).
20
Let u be -3 + 1497/15 - 12/15. Let b(x) = -50*x - 44*x + u*x - 12 - 4. What is b(11)?
6
Let c(i) = -i**2 - 13*i - 7. Let o(m) = -3*m**2 - 30*m - 13. Let h(t) = -7*c(t) + 3*o(t). Calculate h(4).
-18
Let x(u) = -u**2 - 20*u - 24. Let r be x(-17). Suppose 4*t - 3*v = 42, -5*t - 34 = -9*t - v. Let p be (-43)/t - 6/r. Let o(n) = -n**2 - 5*n. Determine o(p).
0
Let j(c) = 6*c + 5. Let b be j(-2). Let t = 13 + b. Suppose -5*n + 5*p + 10 = 0, -3*p - t = -5*n + 3*n. Let m(u) = u**2 + 14. What is m(n)?
14
Let z(a) be the third derivative of -a**6/120 - a**5/10 + 5*a**4/12 + 5*a**3/6 + 631*a**2. Let r = -30 - -23. Give z(r).
-16
Let s(a) = 54*a - 2616. Let h be s(48). Let g(j) = -j**3 - 25*j**2 - 22*j + 17. Determine g(h).
-31
Let d = 165 + -163. Suppose 0 = -2*p + 3*b + 2*b + 22, d*b + 4 = 0. Let s(o) = o**3 - 6*o**2 + 4. What is s(p)?
4
Suppose 8 = 9*r - 13*r. Let a be 15/10*r*(-8)/(-6). Let s(n) = n**3 + 6*n**2 + 4*n + 5. Determine s(a).
21
Suppose -3*x = m + 10, x + 15*m = 10*m - 22. Let s(t) = -2*t - 3. Let a(q) = -5*q - 10. Let r(u) = -6*a(u) + 21*s(u). What is r(x)?
21
Let i(h) = -4*h. Let v(q) = -34 + 12 - 3*q + q**2 + 2*q + 17. Let z be v(-4). Let o = 13 - z. What is i(o)?
8
Let b(v) = -v**3 + 40*v**2 + 43*v - 77. Let d be b(41). Suppose 72 = -d*t + 42. Let a(x) = 2*x + 9. Determine a(t).
-3
Suppose -2*s + 149 = -103. Let v = 127 - s. Let t(p) = p**2 - 1. Calculate t(v).
0
Let f = -89 - -91. Let s(v) = -4*v**2 - 107 + 0*v + v**3 + v + 113 - f*v**3. Calculate s(-5).
26
Let k(i) = -i**2 + 16. Suppose 2